pose 0 = 5*z - z, 5*w = z + 2200. What is the units digit of -5 + 2 - w/(-5)?
5
Suppose h - o - 23 = -0*h, 4*o - 22 = -2*h. Let r = h + -22. What is the tens digit of r/(-2) - (-510)/20?
2
Suppose 2*a = -4*z + 1870, 2386 + 439 = 3*a - 4*z. What is the units digit of a?
9
Let s(p) = -p**3 - 2*p**2 + 15*p + 24. What is the tens digit of s(-10)?
7
What is the units digit of ((-9435)/74)/(6/(-8))?
0
Let m(p) = -p**3 + 5*p**2 + 4*p - 5. Let v(i) = -i - 9. Suppose 5*f + 2*t + t + 53 = 0, 3*f + 2*t = -31. Let a be v(f). What is the units digit of m(a)?
7
Let v(d) = -d**2 - 7*d + 11. Let h(b) = b**2 - b. Let a(i) = 2*h(i) + v(i). Let p be a(8). What is the units digit of p/(-21) - 284/(-28)?
0
Suppose -6*i + 0*i = -12. Suppose -o + 4*w = -w - 105, 5*w = i*o - 195. Suppose 4*y + o = 6*y. What is the units digit of y?
5
Let v = 32 - -14. Let s = 191 + -96. Let p = s - v. What is the units digit of p?
9
Let k be (-246)/(3 + -6) + 4. Suppose -4*t + 404 = -3*w, -t + 3*w + k + 24 = 0. What is the units digit of t?
8
Let j = 11 - 13. What is the units digit of (288/(-54))/(j/9)?
4
Let r(u) = u**2 + 2*u + 1. Let o(w) = 9*w**2 + 9*w + 2. Let d(h) = o(h) - 4*r(h). Let g be 0/(-3) + (-4 - -1). What is the tens digit of d(g)?
4
Let n be (36/2)/((-6)/(-4)). What is the tens digit of 1 + 115 - n/(-6)?
1
Suppose -14*u + 10*u + 12 = 0. Let n be u - (2 + -2)*-1. Suppose n*x - 109 = -5*j, -105 = -7*j + 2*j - 5*x. What is the tens digit of j?
2
Let w = 43 - 54. What is the tens digit of w/(-1) - 4/(-4)?
1
Suppose 1 = l - 3. Suppose -5*t = -5*r - 900, -3*r + 159 = l*t + 727. What is the units digit of r/(-8) - (2 - 1)?
2
Suppose 0*v = -v + 4. Suppose 141 = v*c - 2*r - 41, 0 = -4*c + 4*r + 172. What is the tens digit of c?
4
What is the hundreds digit of -17 - -30 - (-1184 - -2)?
1
Let d be 2 + 7/((-7)/(-2)). Suppose -d*l + 211 = 55. What is the units digit of l?
9
Let o = -25 + 21. What is the tens digit of (-76)/o - (4 - 6)?
2
Let j be (2 - 5)/(21/(-56)). Let a be ((-2)/3)/(j/(-84)). Suppose -2*o - 31 = -2*k - a*o, 2*k = 5*o - 19. What is the units digit of k?
3
Suppose -354 - 770 = 4*s. Let f = -93 - s. What is the tens digit of f?
8
Suppose -5*h = 25, -4*k + 1132 = -6*h + 2*h. What is the hundreds digit of k?
2
Suppose -17904 = -3*c - 9*c. What is the tens digit of c?
9
Let i(f) = 24*f**2 + 5*f + 10. Let y(x) = -23*x**2 - 5*x - 9. Let m(k) = -4*i(k) - 5*y(k). What is the units digit of m(-2)?
1
Suppose -30*o + 25*o + 12602 = -4*x, -o + 2512 = 2*x. What is the thousands digit of o?
2
Suppose i - 4 - 1 = 0. Suppose -f - f - 12 = 5*t, 24 = f - i*t. Suppose 3*m - 41 = -4*a + 34, -4*m = -f*a - 128. What is the tens digit of m?
2
Suppose -45*x + 44*x = -944. What is the hundreds digit of x?
9
Let p(f) = -2*f**2 - 18*f - 6. Suppose 4*z = -4*y - 32, -4*z - 13 = 2*y + 3. What is the tens digit of p(y)?
1
Suppose 0 = -2*t + 2063 - 475. What is the tens digit of t?
9
Suppose -2 = -3*v + 4. Suppose 0 = -7*g + v*g - 180. Let j = 50 + g. What is the tens digit of j?
1
Suppose 2*f = 9 - 5. Suppose 2*v - 12 = -f. Let q = v + 36. What is the units digit of q?
1
Let j(c) = c**3 - 5*c**2 + 2*c - 5. Let z be j(5). Suppose z*d = b - 5*b + 269, 5*d - 5*b = 260. What is the tens digit of d?
5
Suppose -5*w = 8*s - 13*s - 3430, 3*s - 2779 = -4*w. What is the tens digit of w?
9
Let x(q) = -57*q**3 + 6*q**2 + 19*q + 23. What is the tens digit of x(-4)?
9
Suppose 3*k + o + 3 + 0 = 0, 4*o + 12 = k. Let s(r) = -r**2 - r + 18. What is the tens digit of s(k)?
1
Let f = 1333 - -1997. What is the hundreds digit of f?
3
Let l(j) = j**2 - 14*j + 2. Let r be l(14). Suppose 5*o - 4 = o - r*q, -4*o + 4*q + 16 = 0. Let i = o - -15. What is the units digit of i?
7
Suppose -g - 5*q = -115, 5*g - 455 = 13*q - 14*q. What is the units digit of g?
0
Suppose 4*g + g = 1405. Suppose 0 = -2*v - 3*n + g, -n + 6*n = -v + 137. Suppose 2*s = 5*m + 120, 0*s + 3*s + 2*m - v = 0. What is the tens digit of s?
5
Let x = 25 - 30. Let l(s) = s**3 + 4*s**2 - 8*s + 10. What is the tens digit of l(x)?
2
Suppose -b = -2*h + 2 - 0, 0 = -5*h - b + 12. Suppose 3*l - h*r = 205, 6*l - 281 = 2*l - 5*r. What is the tens digit of l?
6
Suppose 16*c - 4*c - 11412 = 0. What is the hundreds digit of c?
9
Suppose -5*i = -8 - 7. Let m(k) = -k**2 + 6*k - 5. Let j be m(4). Suppose -i*f + 54 = j*f. What is the units digit of f?
9
Let s(r) = -r - 11. Let f be s(-9). Let p(z) = -5*z - 5. Let l be p(f). Suppose -3*t + 52 = -3*u - l, -3*t + 2*u = -53. What is the tens digit of t?
1
What is the thousands digit of (-1230)/4*1344/(-280)?
1
Let i(j) = -j**2 - j. Let d = 7 + -8. Let z be i(d). Suppose 4*g + 0*g - 36 = -2*s, z = -4*s + 4*g + 120. What is the tens digit of s?
2
What is the hundreds digit of ((-34)/(-68))/(2/22020)?
5
Suppose 3*b - 4032 = -138. What is the units digit of b?
8
Suppose 3520 = 29*s - 7*s. What is the units digit of s?
0
Suppose 4*m - 5 + 33 = 0. Let w(u) = -2*u**3 - 10*u**2 + 2*u - 2. What is the tens digit of w(m)?
8
What is the units digit of (1250/(-75))/(248/126 - 2)?
5
Let g(r) = -7 + 2 + 2*r**2 - r - 5*r. Let i = 0 - -5. What is the tens digit of g(i)?
1
Let f(b) = -2*b - 7. Let w be f(-5). Suppose 14 = -w*g + 140. What is the tens digit of g?
4
Let z(b) be the first derivative of -2*b**2 + 54*b - 36. What is the tens digit of z(-8)?
8
Let t(m) = 53*m + 52. What is the hundreds digit of t(10)?
5
Let i(k) = 5*k - 47. Let h be i(9). What is the units digit of -4 - (3 + (h - 148))?
3
Suppose -800 = 2*i + 2*v - 3916, -3115 = -2*i - v. What is the units digit of i?
7
Let d = -9 - -15. Let t be 1/(-2) + (-21)/14. What is the units digit of 4*(t/1 + d)?
6
Let a be (1 + -1 - -1)/((-4)/(-192)). Let w = a - 41. What is the units digit of w?
7
Let w(x) = -x**3 - 5*x**2 - 13*x + 3. Let m be w(-6). Let c = 208 - m. What is the tens digit of c?
9
Let q = -156 + 162. Suppose 0 = -q*r + 23 + 37. What is the units digit of r?
0
What is the tens digit of 1797/5 + 3*(-8)/60?
5
Let n = 389 + -14. What is the hundreds digit of n?
3
Let w(h) = -35*h - 67. What is the units digit of w(-12)?
3
Let u be 12/9*(-18)/(-12). Suppose 2*i - 4*b = 84 + 44, -i + 68 = u*b. What is the tens digit of i?
6
Suppose 5*o + 8*q - 481 = 12*q, 2*o - 182 = -q. What is the tens digit of o?
9
Suppose 8*y = 10*y - 126. What is the units digit of y?
3
Suppose 0*o - 4 = 4*o. What is the units digit of (5/(-3))/(o/39)?
5
Suppose 5*p = 2*h - 171 - 256, -2*h = p - 433. What is the tens digit of h?
1
Suppose -5*q - 4*j = -2011, 0 = -3*q - 25*j + 28*j + 1185. What is the hundreds digit of q?
3
Let w = 2 + 1. Suppose -w*y - y = -472. What is the hundreds digit of y?
1
Let a(l) = 2*l**2 + 4. Let c(p) be the second derivative of -p**4/4 - p**3/6 - 5*p**2/2 - p. Let b(k) = -4*a(k) - 3*c(k). What is the units digit of b(4)?
7
Suppose -19*x + 23*x = 164. Let u = x - -63. What is the tens digit of u?
0
Let v = -1411 + 3588. What is the units digit of v?
7
Let q(j) = -j**3 + 15*j**2 - 12*j - 10. Let w be q(14). Let t be (4/5)/(w/45). Suppose 0 = -4*a - 3*c + 166, -121 = -t*a - a - 4*c. What is the tens digit of a?
4
Suppose 5*r + 3*y = 2798, 4*r = 7*y - 11*y + 2232. What is the tens digit of r?
6
Let o(l) = 47*l**2 - 2*l + 2. Let y = -85 + 83. What is the units digit of o(y)?
4
Suppose 5*f = 4*q - 5*q + 30, -5*f = 3*q - 40. Suppose 2*a - 106 = 5*p, 0*a - 25 = 2*p + q*a. Let r = p + 52. What is the tens digit of r?
3
Let w(y) = y**3 - 13*y**2 + 18*y - 10. Let p be w(12). Suppose 4*b = 2*b - p. Let l = b + 46. What is the units digit of l?
5
Let l = 2693 + -1862. What is the hundreds digit of l?
8
Let w be (-2)/(-6) - (-1442)/(-42). Let y = w - -73. What is the units digit of y?
9
Let u be 6/(-21) + 10/35. Suppose u = r + 2*r - 288. What is the tens digit of r?
9
Let t be (45/(-6))/(-3)*2. Suppose -5*q = 5*n - 40, t*q - 2*n - 37 = -6*n. Suppose -q*c + 105 = -0*c - 3*o, 3*o - 87 = -3*c. What is the units digit of c?
4
Let y(n) = 3*n - 8*n - 8 + 9 + 9*n**2 + 0*n**3 - n**3. Let z be y(8). Suppose -z*k = -20*k - 215. What is the tens digit of k?
4
Let v be ((-5)/4)/(1/(-4)). Let z = 0 + v. Suppose z*c + d = 252, -3*c = 2*c - 5*d - 270. What is the units digit of c?
1
Suppose 0 = 19*g - 15*g - 2880. Suppose 5*f = -f + g. What is the tens digit of f?
2
Let m(c) = 2*c**2 + 5*c - 6. Let i